 = -t*c + 2616. List the prime factors of c.
2, 109
Let u = 637 + 83. Let x = -269 + u. What are the prime factors of x?
11, 41
Let x(y) = 7984*y**2 + 57*y - 55. What are the prime factors of x(1)?
2, 3, 11
Let w = -9840 - -12612. What are the prime factors of w?
2, 3, 7, 11
Let q(d) = 134*d - 172. Let c(u) = -44*u + 58. Let h(f) = -14*c(f) - 5*q(f). What are the prime factors of h(-26)?
2, 3, 11
Suppose -3*y - 4*t + 900 = 0, 2*y - 4*y + t + 600 = 0. Suppose -5*h + 4*i = -1083, h + i - y = -78. Let s = h + -65. List the prime factors of s.
2, 7, 11
Let g = -46 - -16. Let s = g + 32. Suppose -5*f = -2*c + 211, 2*c - 76 = -s*f + 170. List the prime factors of c.
2, 59
Suppose 274 = 10*v - 6*v - 5*x, 2*x = -4. Suppose 56*z - v*z = -1860. List the prime factors of z.
2, 3, 31
Let r = 19 + -59. What are the prime factors of (r/(-120))/((-2)/(-2094))?
349
Suppose -41 = 8*k - 11*k - 5*j, -j = -k + 3. What are the prime factors of (4 - k) + 13958/7?
11, 181
Let y(r) = -2*r - 7 + 3*r + 0 - 6*r. Let h be y(-2). Suppose -107 - 20 = -5*d + 4*q, -3*d + h*q = -75. What are the prime factors of d?
3
Suppose -5*r + 70 + 60 = 0. Let b = r - -60. Suppose -16 - b = -2*h. What are the prime factors of h?
3, 17
Let l = 55 - 117. Let h = 66 + l. Suppose 0*a + t = a - 67, -2*t + 280 = h*a. What are the prime factors of a?
3, 23
Let h(v) = -7 + 26*v - 1 + 17. Suppose -32 + 52 = 5*n. What are the prime factors of h(n)?
113
Let t(j) = 656*j - 1648. List the prime factors of t(8).
2, 3, 5
Let d = -11813 + 24639. List the prime factors of d.
2, 11, 53
Let d = -2252 + 4497. What are the prime factors of d?
5, 449
Let t(d) = -d**3 + 6*d**2 + 14*d + 7. Let x be t(-20). Suppose 35*h - x = 22*h. List the prime factors of h.
19, 41
Suppose 0 = -4*t + 11 - 27. Let g(k) = k**3 + 4*k**2 - k + 5. Let p be g(t). Suppose -3*d + p = 0, 2*b = 5*b - 3*d - 81. List the prime factors of b.
2, 3, 5
Let y be (15 + -14)/((-2)/(-4)). Suppose 125 = y*h - 591. What are the prime factors of h?
2, 179
Let m(c) = -c**3 - 14*c**2 - 9*c. Suppose 0 = 111*w - 108*w + 42. List the prime factors of m(w).
2, 3, 7
Suppose -4*z = 7*x - 4*x - 27326, 4 = -2*x. List the prime factors of z.
6833
List the prime factors of -60*(-3)/12 + 331.
2, 173
Let i(v) = v**2 + 3*v - 15. Let f be i(-9). Let z be (-38)/(-3)*(-9)/(-6). Let b = f - z. What are the prime factors of b?
2, 5
Let n = 1386 + -2753. Let a = -802 - n. What are the prime factors of a?
5, 113
Let z(v) = -3*v + 19. Let m be z(4). Let p be 5/2 - (5 + 9/(-2)). Suppose m*f = p*f + 940. List the prime factors of f.
2, 47
Let r = -13247 - -41336. What are the prime factors of r?
3, 3121
Let o = -478 + 481. Suppose -5*h + 4 = 14, o*h - 1029 = -5*g. List the prime factors of g.
3, 23
Let z(t) = -4*t**3 + t**2 + 8*t + 6. Let f be ((-65)/78)/(1/(-3))*-2. List the prime factors of z(f).
491
Suppose -6 = u - 3*l, l - 19 + 38 = -2*u. Let g(v) = v**2 + 3*v + 46. What are the prime factors of g(u)?
2, 5
Let o be (8/(-28))/((-3)/21). Let k be -3*((-6)/3)/o. Suppose 123 = f + f + k*w, -w + 63 = f. List the prime factors of f.
2, 3, 11
Let l be (-1)/(2/10)*121540/(-100). Suppose 463 = 12*b - l. List the prime factors of b.
5, 109
Let s(g) = -g**3 + 19*g**2 - 15*g - 34. Let m be s(18). What are the prime factors of (m/(-25))/(20/(-23850))?
2, 3, 53
Let w be 0 - 4 - -5 - -11. Let b be (-6)/w - (-1)/2. What are the prime factors of (b + 64/(-12))*-6?
2
Let t = 16296 + -3517. List the prime factors of t.
13, 983
Let r = 1265 - -1425. List the prime factors of r.
2, 5, 269
Let q = -104 + -125. Let y = 323 + q. What are the prime factors of y?
2, 47
Let r(q) = 4*q + 17. Let o be r(-3). Suppose 1681 = 5*t - 3*f, 1332 = o*t - t + 4*f. List the prime factors of t.
5, 67
Suppose 2*p + 62 = 4*d, -3*p + 4*p - 5*d = -25. Let l = 196 + p. What are the prime factors of l?
7, 23
Let o(m) be the first derivative of 2*m**3/3 + 3*m**2/2 - 26*m - 269. List the prime factors of o(-10).
2, 3
Suppose 0 = -l - 5*l - l. Suppose l*q + 28 = 7*q. Suppose w = 4*z - 207 - 159, 3*w - 374 = -q*z. What are the prime factors of z?
2, 23
Let m = 100 - 103. Let f be (-1)/((-2)/2773) + m/6. Suppose -14*i = -7*i - f. What are the prime factors of i?
2, 3, 11
Let s = -34928 - -60666. List the prime factors of s.
2, 17, 757
Let j(g) = g + 4. Let l be j(-18). Let w = -11 - l. Suppose 201 = 2*u + 5*m + 49, -w*m = -6. What are the prime factors of u?
71
Let j be 1/(-2*(-1)/(-2)) + 2. Let y(q) = 9*q + 2. List the prime factors of y(j).
11
Let z = -110 + 110. What are the prime factors of z + 1/(-3) + 51662/78?
2, 331
Let f(k) = 8*k - k - 21*k - 2 - 2*k. Let q be (-6)/36 - (-70)/(-12). List the prime factors of f(q).
2, 47
Let b = -1809 - -1292. Let q = b - -1086. What are the prime factors of q?
569
Suppose 5*x = -2*n - 72, -6*n = -n - 5*x + 110. Let y = -24 - n. Suppose y*v - 1 = 69. What are the prime factors of v?
5, 7
List the prime factors of (-7 - -2784)/(-3 - -4).
2777
Suppose -2*n + 1631 = -n. Let d = 6403 + -6390. Suppose -n = -d*f + 6*f. What are the prime factors of f?
233
Let w = 3280 - 2332. Suppose w = 3*v - 759. What are the prime factors of v?
569
Let o = -3030 - -3112. List the prime factors of o.
2, 41
Let v = -18 - 2. Let d be (-3)/12 + (-285)/v. Suppose 798 = d*q - 11*q. List the prime factors of q.
2, 7, 19
Suppose 3*c - 6 = 2*n, -3*n - 3*c + 1 = -5*c. Suppose -4*l - u = -64, -l + n*u + 0 + 3 = 0. What are the prime factors of l/(-10) + 654/4?
2, 3
What are the prime factors of (594/10)/((-6)/(-110))?
3, 11
Let w(o) = 4*o + 38. Let f be w(-10). Let r be 6*(f + 3) + (-1 - 2). List the prime factors of (r/((-15)/5))/(1/(-65)).
5, 13
Let r = 1884 - -3363. Suppose 16*i - r = -239. List the prime factors of i.
313
Suppose 75*m = -t + 73*m + 10341, -2*m = 4*t - 41328. What are the prime factors of t?
3, 11, 313
Let m be 90/120 - 570/(-8). Let v = 342 - m. List the prime factors of v.
2, 3, 5
Let p be (-2)/4*((-78 - -3) + 1). Suppose p*n - 224 = 41*n. What are the prime factors of 1/(3/(-6)) - n?
2, 3
What are the prime factors of ((-327)/(-436))/(3/80656)?
2, 71
Suppose 49*o + 67*o = -145*o + 86652. What are the prime factors of o?
2, 83
Suppose -5*m = 4*c - 5443, -m + 2657 = 3*c - 1428. What are the prime factors of c?
2, 3, 227
Let p(s) = -s**3 + 22*s**2 - 16*s + 12. Let f be p(18). Suppose -3*z + f = 3*k, 22 = 5*k - 3. What are the prime factors of z?
5, 67
Let m = 3747 - 2053. List the prime factors of m.
2, 7, 11
Let j(a) = -198*a - 2580. What are the prime factors of j(-64)?
2, 3, 29
Suppose -5*j = -2*j - 6, 3*g = -4*j + 14. Let u(m) = 682*m - 109. What are the prime factors of u(g)?
5, 251
List the prime factors of 33916 - (-3 - 1)*(-32)/(-64).
2, 3, 5653
Suppose -6 = -6*n - 30. Let p be -7 + n/(-2) + 8. What are the prime factors of 4 + p + -4 - -261?
2, 3, 11
Suppose -3*v = -w - 90647, -3*v + 12*w = 7*w - 90619. What are the prime factors of v?
2, 29, 521
Let m(x) = 19*x - 8. Let n be m(1). List the prime factors of (8118/24)/n*16.
2, 3, 41
Let t = 1818 - 1012. Suppose 109 + t = 3*a - 3*y, a - 5*y - 305 = 0. List the prime factors of a.
5, 61
Let r(u) = -5*u - 11. Let d be r(-4). Suppose d*o = 8*o. Suppose o = -2*l - l + 252. What are the prime factors of l?
2, 3, 7
Suppose 664794 = 28*g - 1689138. List the prime factors of g.
3, 9341
Suppose -508*w + 513*w = 42565. What are the prime factors of w?
8513
Let z be (-8)/(-48) - 66/(-36). Suppose 0 = 3*v + 5*b - 2096, -3*v + z*b = -1902 - 187. What are the prime factors of v?
17, 41
Let n(z) = -421*z + 460. Let d be n(1). Let w = 183 + -787. List the prime factors of (w/3)/((-26)/d).
2, 151
Let m = -39 + 81. Suppose 3*k - 14 = -s, 0 = 2*s - 4*k + 4 + 8. What are the prime factors of (m - -4)*2/s?
2, 23
Let w be (1 - 1)/(10 - 7). Suppose -187*v + 190*v - 936 = w. What are the prime factors of v?
2, 3, 13
Let m = 5366 + -1123. List the prime factors of m.
4243
Let y = -172 - -171. List the prime factors of 12894/9 + y - (-12)/36.
2, 179
Let y = -129 + 126. Let o be (2 + 57 - (0 + y)) + 1. Suppose n - o = -4*m, -10*m + 8*m + 280 = 4*n. List the prime factors of n.
71
Suppose 247*l = 242*l + 20. Suppose -2*b - 513 = -g, -5*g + 8*b = l*b - 2553. List the prime factors of g.
509
Suppose -22 = -2*j - 2*s, 2*j - 16 = -5*s + 3. Suppose -463 + 175